{"id":1200,"date":"2019-08-02T21:23:23","date_gmt":"2019-08-02T20:23:23","guid":{"rendered":"http:\/\/cheltoutslim.com\/?page_id=1200"},"modified":"2023-02-14T19:28:37","modified_gmt":"2023-02-14T18:28:37","slug":"mesmerize","status":"publish","type":"page","link":"https:\/\/cheltoutslim.com\/","title":{"rendered":"Front Page"},"content":{"rendered":"<div  id=\"portfolio-1\" data-label=\"Portfolio\" data-id=\"portfolio-5-mc\" data-export-id=\"portfolio-5-mc\" data-category=\"portfolio\" class=\"portfolio-5-mc content-section content-section-spacing section-title-col-white-text bg-color1 full-screen-section\" data-bullets-visibility=\"true\" style=\"background-image: none; background-color: rgb(255, 255, 255);\"><div  class=\"gridContainer\"> <div  class=\"row text-center\"><div  class=\"section-title-col\" data-type=\"column\">   <img  decoding=\"async\" class=\"custom-image\" src=\"https:\/\/cheltoutslim.com\/wp-content\/uploads\/2014\/04\/cropped-CHELTOUT-Slim-Berlin-1.jpg\" alt=\"\" title=\"cropped-CHELTOUT-Slim-Berlin-1.jpg\"><\/div> <\/div> <div  class=\"row space-bottom spaced-cols center-sm content-center-sm\" data-type=\"row\"> <div  class=\"col-xs-12 col-sm-4 text-center\"> <div  class=\"card no-padding bordered\"> <div  data-hover-fx=\"portfolio-6\" class=\"contentswap-effect contentswap-overlay\" style=\"float: none; margin: 0; width: 100%;\"> <div  class=\"initial-image\" style=\"float: none; margin: 0;\"> <img  decoding=\"async\" data-size=\"500x333\" src=\"https:\/\/cheltoutslim.com\/wp-content\/uploads\/2023\/01\/HBBZ5687-frame-at-0m3s.jpg\"><\/div> <div  class=\"overlay bg-color6\" style=\"display: block; transition: opacity 800ms ease 0s; -webkit-transition-timing-function: ease; -moz-transition-timing-function: ease; -o-transition-timing-function: ease; transition-timing-function: ease;\"><\/div> <div  class=\"swap-inner col-xs-12\" style=\"display: block; transition: all 800ms ease 0s; background-color: rgba(0,0,0,0); margin-top: 0;\"> <div  class=\"row full-height-row middle-xs middle-sm\"> <div  class=\"col-xs-12 text-center content-holder\"> <a class=\"button small color2\" href=\"https:\/\/cheltoutslim.com?page_id=1257\" target=\"_self\" data-cp-link=\"1\" rel=\"noopener noreferrer\">Sculpture cin\u00e9tique<\/a><\/div> <\/div><\/div> <\/div> <div  class=\"col-xs-12\"> <div  class=\"space-bottom space-top\" data-type=\"column\"> <h5  class=\"\">Sculpture cin\u00e9tique<\/h5><p  class=\"small italic\">Des Machines jouant de m\u00e9canismes physiques et picturaux entre lumi\u00e8re ,couleur et mouvement , l\u2019Objet devient un reflet \u00e9mouvant de notre pr\u00e9sence&nbsp;<\/p> <\/div> <\/div><\/div> <\/div> <div  class=\"col-xs-12 col-sm-4 text-center\"> <div  class=\"card no-padding bordered\"> <div  data-hover-fx=\"portfolio-6\" class=\"contentswap-effect contentswap-overlay\" style=\"float: none; margin: 0; width: 100%;\"> <div  class=\"initial-image\" style=\"float: none; margin: 0;\"> <img  decoding=\"async\" data-size=\"500x333\" src=\"https:\/\/cheltoutslim.com\/wp-content\/uploads\/2020\/04\/cropped-HST-scaled-1.jpg\"><\/div> <div  class=\"overlay bg-color6\" style=\"display: block; transition: opacity 800ms ease 0s; -webkit-transition-timing-function: ease; -moz-transition-timing-function: ease; -o-transition-timing-function: ease; transition-timing-function: ease;\"><\/div> <div  class=\"swap-inner col-xs-12\" style=\"display: block; transition: all 800ms ease 0s; background-color: rgba(0,0,0,0); margin-top: 0;\"> <div  class=\"row full-height-row middle-xs middle-sm\"> <div  class=\"col-xs-12 text-center content-holder\"> <a class=\"button small color2\" href=\"https:\/\/cheltoutslim.com?page_id=1254\" target=\"_self\" data-cp-link=\"1\" rel=\"noopener noreferrer\">Dessins et Plans technique <\/a><\/div> <\/div><\/div> <\/div> <div  class=\"col-xs-12\"> <div  class=\"space-bottom space-top\" data-type=\"column\"> <h5  class=\"\">Dessins et Plans technique<\/h5> <p  class=\"small italic\">Du dessin technique au dessin plastique , de la recherche \u00e0 l\u2019approche d\u2019un aboutissement&nbsp;<\/p><\/div> <\/div><\/div> <\/div> <div  class=\"col-xs-12 col-sm-4 text-center\"> <div  class=\"card no-padding bordered\"> <div  data-hover-fx=\"portfolio-6\" class=\"contentswap-effect contentswap-overlay\" style=\"float: none; margin: 0; width: 100%;\"> <div  class=\"initial-image\" style=\"float: none; margin: 0;\"> <img  decoding=\"async\" data-size=\"500x333\" src=\"https:\/\/cheltoutslim.com\/wp-content\/uploads\/2015\/03\/continent-contenant-.jpg\"><\/div> <div  class=\"overlay bg-color6\" style=\"display: block; transition: opacity 800ms ease 0s; -webkit-transition-timing-function: ease; -moz-transition-timing-function: ease; -o-transition-timing-function: ease; transition-timing-function: ease;\"><\/div> <div  class=\"swap-inner col-xs-12\" style=\"display: block; transition: all 800ms ease 0s; background-color: rgba(0,0,0,0); margin-top: 0;\"> <div  class=\"row full-height-row middle-xs middle-sm\"> <div  class=\"col-xs-12 text-center content-holder\"> <a class=\"button small color2\" href=\"https:\/\/cheltoutslim.com?page_id=1365\" target=\"_self\" data-cp-link=\"1\" rel=\"noopener noreferrer\">Sculptures<\/a><\/div> <\/div><\/div> <\/div> <div  class=\"col-xs-12\"> <div  class=\"space-bottom space-top\" data-type=\"column\"> <h5  class=\"\">Sculptures<\/h5> <p  class=\"small italic\">sculture fixe et ou en mouvement&nbsp;<\/p><\/div> <\/div><\/div> <\/div><\/div> <div  class=\"row\"><div  data-type=\"column\" class=\"col-xs-12 text-center\"> <a class=\"button color2 y-move\" href=\"https:\/\/cheltoutslim.com\/wp-content\/uploads\/2023\/01\/slim-cheltout-dossier-artistique.pdf\" target=\"_blank\" data-cp-link=\"1\" rel=\"noopener\">View Portfolio<\/a><\/div> <\/div><\/div> <\/div>","protected":false},"excerpt":{"rendered":"<p>Sculpture cin\u00e9tique Sculpture cin\u00e9tiqueDes Machines jouant de m\u00e9canismes physiques et picturaux entre lumi\u00e8re ,couleur et mouvement , l\u2019Objet devient un reflet \u00e9mouvant de notre pr\u00e9sence&nbsp; Dessins et Plans technique Dessins et Plans technique Du dessin technique au dessin plastique , de la recherche \u00e0 l\u2019approche d\u2019un aboutissement&nbsp; Sculptures Sculptures sculture fixe et ou en mouvement&nbsp;&hellip; <br \/> <a class=\"read-more\" href=\"https:\/\/cheltoutslim.com\/\">Lire la suite<\/a><\/p>\n","protected":false},"author":1,"featured_media":0,"parent":0,"menu_order":0,"comment_status":"closed","ping_status":"closed","template":"page-templates\/homepage.php","meta":{"_monsterinsights_skip_tracking":false,"_monsterinsights_sitenote_active":false,"_monsterinsights_sitenote_note":"","_monsterinsights_sitenote_category":0,"footnotes":""},"class_list":["post-1200","page","type-page","status-publish","hentry"],"aioseo_notices":[],"_links":{"self":[{"href":"https:\/\/cheltoutslim.com\/index.php?rest_route=\/wp\/v2\/pages\/1200","targetHints":{"allow":["GET"]}}],"collection":[{"href":"https:\/\/cheltoutslim.com\/index.php?rest_route=\/wp\/v2\/pages"}],"about":[{"href":"https:\/\/cheltoutslim.com\/index.php?rest_route=\/wp\/v2\/types\/page"}],"author":[{"embeddable":true,"href":"https:\/\/cheltoutslim.com\/index.php?rest_route=\/wp\/v2\/users\/1"}],"replies":[{"embeddable":true,"href":"https:\/\/cheltoutslim.com\/index.php?rest_route=%2Fwp%2Fv2%2Fcomments&post=1200"}],"version-history":[{"count":32,"href":"https:\/\/cheltoutslim.com\/index.php?rest_route=\/wp\/v2\/pages\/1200\/revisions"}],"predecessor-version":[{"id":1572,"href":"https:\/\/cheltoutslim.com\/index.php?rest_route=\/wp\/v2\/pages\/1200\/revisions\/1572"}],"wp:attachment":[{"href":"https:\/\/cheltoutslim.com\/index.php?rest_route=%2Fwp%2Fv2%2Fmedia&parent=1200"}],"curies":[{"name":"wp","href":"https:\/\/api.w.org\/{rel}","templated":true}]}}